01570 a multiple of 116?
False
Is 36 a factor of 370692?
True
Does 10 divide 4879100?
True
Is 402176 a multiple of 70?
False
Is 5 a factor of 376777?
False
Is 17 a factor of 319186?
False
Does 64 divide 29632?
True
Is 335 a factor of 355013?
False
Is 8329300 a multiple of 10?
True
Does 40 divide 15186600?
True
Is 1187 a factor of 12776038?
False
Is 31 a factor of 583974?
False
Is 28 a factor of 321720?
True
Does 20 divide 276213?
False
Is 190 a factor of 372749?
False
Is 67708 a multiple of 4?
True
Is 10 a factor of 693838?
False
Is 79 a factor of 105939?
True
Is 1057 a factor of 3086257?
False
Does 602 divide 6357345?
False
Is 7443673 a multiple of 103?
False
Is 304 a factor of 4382796?
False
Is 389235 a multiple of 33?
True
Is 22 a factor of 9855356?
False
Is 20 a factor of 678883?
False
Is 2109710 a multiple of 49?
False
Is 12257865 a multiple of 135?
True
Does 59 divide 1031261?
True
Is 410 a factor of 868300?
False
Is 2652899 a multiple of 8?
False
Is 537711 a multiple of 436?
False
Does 74 divide 1553197?
False
Is 1375872 a multiple of 32?
True
Is 237548 a multiple of 14?
False
Is 2425808 a multiple of 22?
True
Is 255117 a multiple of 117?
False
Is 205546 a multiple of 4?
False
Is 208 a factor of 174273?
False
Is 133240 a multiple of 10?
True
Is 495 a factor of 1616428?
False
Is 378015 a multiple of 435?
True
Is 85410 a multiple of 15?
True
Is 1011568 a multiple of 16?
True
Is 7 a factor of 318408?
False
Does 7 divide 271594?
False
Does 462 divide 12995598?
True
Is 38 a factor of 86720?
False
Is 2223928 a multiple of 151?
True
Does 714 divide 2159850?
True
Does 3 divide 224196?
True
Is 88 a factor of 2840376?
True
Is 14 a factor of 4321834?
False
Is 26086 a multiple of 9?
False
Is 908538 a multiple of 3?
True
Is 73 a factor of 182512?
False
Does 90 divide 756540?
True
Is 85 a factor of 19040?
True
Is 2091585 a multiple of 5?
True
Is 85017 a multiple of 23?
False
Is 1012852 a multiple of 215?
False
Is 142 a factor of 5754976?
True
Does 58 divide 241454?
True
Is 58909 a multiple of 72?
False
Is 12247238 a multiple of 15?
False
Does 24 divide 109383?
False
Is 1302280 a multiple of 56?
True
Does 197 divide 2342921?
True
Is 936882 a multiple of 3?
True
Does 3 divide 332155?
False
Is 164815 a multiple of 277?
True
Is 229 a factor of 480536?
False
Is 1656089 a multiple of 284?
False
Does 12 divide 655068?
True
Does 84 divide 466536?
True
Is 142 a factor of 1567778?
False
Does 50 divide 20541?
False
Is 42 a factor of 1719103?
False
Is 34576 a multiple of 16?
True
Is 141531 a multiple of 21?
False
Is 144391 a multiple of 13?
True
Is 281111 a multiple of 289?
False
Is 1119 a factor of 3498005?
False
Is 167 a factor of 4814944?
True
Is 181 a factor of 655617?
False
Does 77 divide 5997992?
True
Does 11 divide 335621?
True
Is 1924 a multiple of 4?
True
Is 631200 a multiple of 10?
True
Is 925 a factor of 10973257?
False
Is 323707 a multiple of 226?
False
Is 49987 a multiple of 140?
False
Does 26 divide 8141440?
False
Is 227 a factor of 1127418?
False
Is 674856 a multiple of 12?
True
Is 65 a factor of 891670?
True
Is 549349 a multiple of 132?
False
Is 112 a factor of 807914?
False
Is 6798964 a multiple of 59?
False
Does 7 divide 243593?
True
Is 9243794 a multiple of 145?
False
Does 186 divide 1104917?
False
Does 34 divide 225386?
True
Is 3 a factor of 975?
True
Is 134 a factor of 209539?
False
Is 7 a factor of 960395?
False
Is 9085 a multiple of 4?
False
Is 66 a factor of 3045966?
True
Is 2308800 a multiple of 75?
True
Does 27 divide 313065?
True
Is 1895603 a multiple of 4?
False
Does 311 divide 18533531?
False
Is 158 a factor of 82841?
False
Does 59 divide 965444?
False
Does 53 divide 4234011?
True
Does 60 divide 1593187?
False
Is 172 a factor of 502412?
True
Is 8 a factor of 43128?
True
Is 56 a factor of 30693?
False
Is 307 a factor of 5523544?
True
Is 7026552 a multiple of 78?
True
Is 992361 a multiple of 376?
False
Is 1148490 a multiple of 18?
True
Is 76490 a multiple of 46?
False
Is 1856918 a multiple of 14?
True
Does 88 divide 178024?
True
Is 20231 a multiple of 111?
False
Does 59 divide 54160?
False
Is 64610 a multiple of 142?
True
Does 11 divide 432707?
True
Does 38 divide 2443353?
False
Is 65 a factor of 2142075?
True
Is 1814137 a multiple of 13?
True
Is 18081 a multiple of 3?
True
Is 3750925 a multiple of 326?
False
Is 7 a factor of 339071?
False
Is 51 a factor of 124934?
False
Is 174 a factor of 101538?
False
Does 81 divide 2229768?
True
Does 300 divide 566100?
True
Does 124 divide 2607100?
True
Is 7 a factor of 11371?
False
Is 215 a factor of 126635?
True
Is 46 a factor of 163056?
False
Is 11680160 a multiple of 148?
True
Is 116 a factor of 187028?
False
Does 40 divide 8694320?
True
Does 51 divide 36159?
True
Is 67 a factor of 142816?
False
Does 54 divide 1213732?
False
Does 21 divide 12990044?
False
Is 6944754 a multiple of 103?
False
Is 471165 a multiple of 101?
True
Does 33 divide 3285471?
False
Does 171 divide 1367145?
True
Is 10064770 a multiple of 361?
False
Is 4662525 a multiple of 15?
True
Is 5 a factor of 350415?
True
Does 650 divide 937425?
False
Is 100703 a multiple of 386?
False
Is 6 a factor of 251744?
False
Is 241 a factor of 96159?
True
Does 4 divide 5911392?
True
Does 195 divide 718380?
True
Is 13 a factor of 548510?
False
Is 381516 a multiple of 61?
False
Does 36 divide 708876?
True
Does 40 divide 540720?
True
Does 33 divide 820281?
True
Is 869062 a multiple of 571?
True
Is 5614117 a multiple of 29?
False
Is 372 a factor of 265375?
False
Is 1053962 a multiple of 9?
False
Is 373 a factor of 1449130?
False
Is 787428 a multiple of 108?
True
Is 239466 a multiple of 2?
True
Is 130 a factor of 248125?
False
Does 1325 divide 6796717?
False
Does 74 divide 659752?
False
Is 756 a factor of 3134274?
False
Does 70 divide 9643620?
True
Is 849150 a multiple of 765?
True
Is 15 a factor of 2768498?
False
Is 324 a factor of 1619657?
False
Is 300 a factor of 195600?
True
Is 25 a factor of 55175?
True
Is 14464 a multiple of 452?
True
Is 1091900 a multiple of 25?
True
Is 5435 a multiple of 5?
True
Does 45 divide 1166053?
False
Does 19 divide 1087?
False
Is 9 a factor of 3978772?
False
Does 69 divide 59064?
True
Is 10 a factor of 55634?
False
Does 49 divide 1245990?
False
Is 145 a factor of 942790?
True
Is 134416 a multiple of 4?
True
Is 102852 a multiple of 18?
True
Does 222 divide 372613?
False
Is 4 a factor of 1466613?
False
Is 14 a factor of 4838471?
False
Is 4963826 a multiple of 266?
True
Is 1353188 a multiple of 78?
False
Is 10410 even?
True
Is 11 a factor of 3411326?
False
Does 4 divide 235608?
True
Is 16897 a multiple of 277?
True
Is 598269 a multiple of 651?
True
Does 11 divide 3989908?
False
Does 4 divide 258220?
True
Is 70 a factor of 2779387?
False
Does 81 divide 397038?
False
Is 1291620 a multiple of 33?
True
Is 5916770 a multiple of 670?
True
Does 20 divide 871760?
True
Is 2221857 a multiple of 33?
True
Is 31 a factor of 179600?
False
Is 1551600 a multiple of 30?
True
Does 135 divide 381375?
True
Is 4 a factor of 7377800?
True
Does 21 divide 80996?
False
Does 3 divide 9281?
False
Is 159 a factor of 75664?
False
Does 183 divide 236253?
True
Is 240 a factor of 1715091?
False
Does 17 divide 1778319?
True
Does 30 divide 292275?
False
Is 320 a factor of 12056083?
False
Is 166 a factor of 2235169?
False
Does 46 divide 420995?
False
Is 21251 even?
False
Is 692 a factor of 2546902?
False
Is 2841925 a multiple of 775?
True
Does 1588 divide 3288748?
True
Does 3 divide 4227?
True
Is 5507966 a multiple of 17?
True
Does 352 divide 11803410?
False
Is 40 a factor of 458017?
False
Is 948449 a multiple of 15?
False
Is 757857 a multiple of 62?
False
Is 19418 a multiple of 123?
False
Does 8 divide 556504?
True
Is 134 a factor of 101840?
True
Is 697673 a multiple of 78?
False
Is 523118 a multiple of 73?
True
Does 21 divide 7222654?
False
Is 194 a factor of 702625?
False
Does 13 divide 492653?
False
Is 3731850 a multiple of 6?
True
Does 28 divide 318752?
True
Is 71937 a multiple of 36?
False
Is 73 a factor of 477601?
False
Is 1223797 a multiple of 1031?
True
Is 99627 a multiple of 33?
True
Is 157820 a multiple of 65?
True
Does 17 divide 633403?
True
Is 17 a factor of 3781032?
False
Does 235 divide 696536?
False
Is 130 a factor of 6068920?
True
I